t is the greatest common divisor of 273 and 78?
39
Calculate the highest common factor of 256 and 4.
4
What is the greatest common divisor of 11 and 352?
11
Calculate the highest common factor of 78 and 988.
26
Calculate the greatest common divisor of 365 and 2117.
73
What is the greatest common divisor of 95 and 11647?
19
Calculate the highest common divisor of 44 and 2178.
22
Calculate the greatest common divisor of 222 and 333.
111
Calculate the greatest common factor of 3856 and 4097.
241
Calculate the highest common divisor of 10098 and 108.
54
Calculate the greatest common factor of 163 and 15811.
163
Calculate the highest common factor of 1 and 376.
1
Calculate the highest common factor of 21 and 308.
7
What is the highest common divisor of 255 and 60?
15
What is the greatest common factor of 663 and 117?
39
Calculate the greatest common factor of 180 and 100.
20
What is the highest common factor of 73151 and 26?
13
Calculate the highest common divisor of 261 and 10005.
87
Calculate the highest common divisor of 52 and 234.
26
Calculate the greatest common divisor of 1008 and 112.
112
Calculate the greatest common factor of 98 and 490.
98
Calculate the greatest common divisor of 11 and 4279.
11
What is the highest common divisor of 7 and 2?
1
What is the greatest common divisor of 66 and 1749?
33
What is the highest common factor of 42 and 112?
14
What is the highest common divisor of 76 and 494?
38
What is the greatest common divisor of 22 and 22?
22
Calculate the highest common divisor of 300 and 450.
150
Calculate the greatest common factor of 534 and 270.
6
What is the greatest common factor of 1360 and 102?
34
Calculate the highest common divisor of 258 and 78.
6
Calculate the greatest common factor of 225 and 855.
45
What is the highest common divisor of 18 and 54?
18
What is the greatest common divisor of 81 and 288?
9
What is the greatest common factor of 10 and 295?
5
What is the greatest common factor of 408 and 1938?
102
Calculate the greatest common factor of 57 and 1425.
57
What is the greatest common divisor of 5020 and 10?
10
Calculate the greatest common factor of 76 and 32.
4
What is the highest common factor of 6560 and 1025?
205
What is the greatest common factor of 147 and 1225?
49
Calculate the highest common factor of 2482 and 4526.
146
Calculate the greatest common divisor of 8 and 32.
8
Calculate the greatest common factor of 51 and 17.
17
What is the greatest common divisor of 178 and 1513?
89
Calculate the highest common divisor of 302 and 453.
151
What is the highest common divisor of 136 and 17?
17
Calculate the highest common divisor of 34627 and 31.
31
What is the greatest common factor of 707 and 665?
7
What is the greatest common factor of 645 and 1548?
129
Calculate the greatest common divisor of 17 and 629.
17
What is the greatest common divisor of 580 and 120?
20
What is the greatest common factor of 50 and 3675?
25
Calculate the greatest common factor of 55 and 33.
11
Calculate the greatest common factor of 14553 and 2376.
297
What is the highest common divisor of 30 and 125?
5
Calculate the greatest common divisor of 666 and 74.
74
What is the greatest common factor of 92 and 3427?
23
Calculate the greatest common divisor of 95 and 85.
5
What is the greatest common divisor of 297 and 621?
27
What is the greatest common factor of 784 and 16?
16
What is the greatest common divisor of 710 and 450?
10
Calculate the greatest common factor of 84 and 2976.
12
Calculate the greatest common factor of 29 and 29.
29
What is the highest common divisor of 207 and 72?
9
Calculate the highest common divisor of 12 and 300.
12
Calculate the highest common divisor of 12 and 24.
12
What is the greatest common divisor of 25 and 40?
5
What is the greatest common factor of 31 and 837?
31
What is the greatest common factor of 60 and 1440?
60
Calculate the highest common factor of 154 and 374.
22
What is the greatest common factor of 28 and 4?
4
Calculate the highest common factor of 3772 and 12.
4
Calculate the highest common divisor of 195 and 351.
39
What is the highest common factor of 1388 and 12?
4
Calculate the greatest common factor of 50 and 220.
10
Calculate the greatest common factor of 15 and 75.
15
What is the greatest common factor of 11 and 33?
11
What is the greatest common divisor of 174 and 232?
58
What is the greatest common factor of 125 and 425?
25
What is the greatest common divisor of 64 and 9744?
16
What is the highest common factor of 768 and 12?
12
Calculate the greatest common factor of 40600 and 14.
14
What is the greatest common divisor of 332 and 556?
4
Calculate the greatest common divisor of 7836 and 30.
6
What is the greatest common divisor of 64 and 4?
4
Calculate the greatest common factor of 320 and 7520.
160
What is the highest common divisor of 371 and 53?
53
What is the greatest common divisor of 27 and 1116?
9
What is the greatest common factor of 9 and 1152?
9
Calculate the greatest common factor of 30744 and 84.
84
What is the greatest common factor of 1905 and 90?
15
What is the highest common factor of 48 and 5552?
16
What is the greatest common factor of 774 and 54?
18
What is the highest common divisor of 195 and 10?
5
What is the highest common factor of 72 and 7032?
24
What is the highest common factor of 4961 and 363?
121
Calculate the highest common divisor of 48 and 1296.
48
What is the highest common factor of 81 and 18?
9
What is the greatest common divisor of 279 and 18?
9
What is the highest common factor of 124 and 19220?
124
Calculate the highest common factor of 252 and 112.
28
What is the greatest common divisor of 10 and 82?
2
Calculate the highest common divisor of 5846 and 592.
74
Calculate the greatest common factor of 102 and 12410.
34
What is the greatest common factor of 60 and 120?
60
Calculate the highest common factor of 132 and 108.
12
Calculate the greatest common divisor of 36 and 27.
9
Calculate the greatest common divisor of 238 and 154.
14
What is the highest common divisor of 1526 and 56?
14
What is the highest common divisor of 35 and 70?
35
Calculate the greatest common divisor of 14103 and 9.
9
Calculate the highest common divisor of 19475 and 41.
41
What is the highest common factor of 2889 and 27?
27
What is the highest common factor of 22 and 7909?
11
Calculate the highest common divisor of 72 and 6876.
36
What is the highest common divisor of 11729 and 634?
317
What is the greatest common divisor of 598 and 78?
26
What is the highest common factor of 68 and 4964?
68
What is the highest common divisor of 55 and 6490?
55
What is the highest common divisor of 26 and 2314?
26
Calculate the greatest common factor of 2958 and 918.
102
Calculate the greatest common factor of 576 and 624.
48
Calculate the highest common factor of 32 and 8536.
8
Calculate the greatest common factor of 812 and 580.
116
Calculate the highest common divisor of 12578 and 38.
38
What is the greatest common divisor of 1955 and 1035?
115
Calculate the greatest common factor of 1015 and 70.
35
What is the greatest common factor of 294 and 18?
6
Calculate the greatest common factor of 34 and 85.
17
What is the highest common divisor of 62 and 496?
62
Calculate the greatest common divisor of 1595 and 1100.
55
Calculate the highest common factor of 18 and 927.
9
What is the highest common divisor of 2160 and 1170?
90
Calculate the highest common divisor of 110 and 33.
11
Calculate the highest common divisor of 828 and 1188.
36
What is the highest common factor of 64 and 48?
16
Calculate the highest common divisor of 684 and 6612.
228
Calculate the highest common divisor of 113 and 59.
1
What is the highest common factor of 8810 and 10?
10
Calculate the greatest common factor of 18 and 44910.
18
Calculate the greatest common factor of 2880 and 90.
90
What is the greatest common divisor of 28717 and 13?
13
Calculate the highest common factor of 119 and 28.
7
Calculate the highest common factor of 3007 and 485.
97
Calculate the highest common divisor of 696 and 2262.
174
Calculate the greatest common factor of 22 and 6193.
11
What is the greatest common divisor of 126 and 18?
18
Calculate the highest common divisor of 118 and 1357.
59
What is the greatest common factor of 51 a